{"id":69,"date":"2020-12-17T11:13:27","date_gmt":"2020-12-17T11:13:27","guid":{"rendered":"https:\/\/wordpress-648327-2129378.cloudwaysapps.com\/?page_id=227"},"modified":"2021-11-12T14:55:01","modified_gmt":"2021-11-12T14:55:01","slug":"home-4","status":"publish","type":"page","link":"https:\/\/osea.mx\/dmo\/","title":{"rendered":"Home 4"},"content":{"rendered":"\t\t<div data-elementor-type=\"wp-page\" data-elementor-id=\"69\" class=\"elementor elementor-69\" data-elementor-post-type=\"page\">\n\t\t\t\t\t\t<section class=\"elementor-section elementor-top-section elementor-element elementor-element-c4698cb elementor-section-boxed elementor-section-height-default elementor-section-height-default\" data-id=\"c4698cb\" data-element_type=\"section\">\n\t\t\t\t\t\t<div class=\"elementor-container elementor-column-gap-default\">\n\t\t\t\t\t<div class=\"elementor-column elementor-col-100 elementor-top-column elementor-element elementor-element-13c3353\" data-id=\"13c3353\" data-element_type=\"column\">\n\t\t\t<div class=\"elementor-widget-wrap\">\n\t\t\t\t\t\t\t<\/div>\n\t\t<\/div>\n\t\t\t\t\t<\/div>\n\t\t<\/section>\n\t\t\t\t<section class=\"elementor-section elementor-top-section elementor-element elementor-element-113bea62 elementor-section-stretched elementor-section-boxed elementor-section-height-default elementor-section-height-default\" data-id=\"113bea62\" data-element_type=\"section\" data-settings=\"{&quot;stretch_section&quot;:&quot;section-stretched&quot;,&quot;background_background&quot;:&quot;classic&quot;}\">\n\t\t\t\t\t\t<div class=\"elementor-container elementor-column-gap-default\">\n\t\t\t\t\t<div class=\"elementor-column elementor-col-100 elementor-top-column elementor-element elementor-element-873be91\" data-id=\"873be91\" data-element_type=\"column\">\n\t\t\t<div class=\"elementor-widget-wrap\">\n\t\t\t\t\t\t\t<\/div>\n\t\t<\/div>\n\t\t\t\t\t<\/div>\n\t\t<\/section>\n\t\t\t\t<section class=\"elementor-section elementor-top-section elementor-element elementor-element-7619040 elementor-section-full_width elementor-section-stretched elementor-section-height-default elementor-section-height-default\" data-id=\"7619040\" data-element_type=\"section\" data-settings=\"{&quot;stretch_section&quot;:&quot;section-stretched&quot;}\">\n\t\t\t\t\t\t<div class=\"elementor-container elementor-column-gap-default\">\n\t\t\t\t\t<div class=\"elementor-column elementor-col-100 elementor-top-column elementor-element elementor-element-6c7f289\" data-id=\"6c7f289\" data-element_type=\"column\">\n\t\t\t<div class=\"elementor-widget-wrap\">\n\t\t\t\t\t\t\t<\/div>\n\t\t<\/div>\n\t\t\t\t\t<\/div>\n\t\t<\/section>\n\t\t\t\t<\/div>\n\t\t","protected":false},"excerpt":{"rendered":"<p>DIRECTORIO M\u00c9DICO Expertos m\u00e9dicos en Salud \u00d3sea Endocrinolog\u00eda 2 Geriatr\u00eda 3 Ginecolog\u00eda 9 Medicina General 5 Medicina Interna 1 Obstetricia 1 Ortopedia 3 Reumatolog\u00eda 4 Traumatolog\u00eda 5 M\u00e9dicos m\u00e1s visitados Nina Tello Winniczuk Puente de Piedra 150, Toriello Guerra, Tlalpan, 14050 Ciudad de M\u00e9xico, CDMX, Mexico Palomo de la Torre y Fern\u00e1ndez Camino Sta. Teresa [&hellip;]<\/p>\n","protected":false},"author":1,"featured_media":0,"parent":0,"menu_order":0,"comment_status":"closed","ping_status":"closed","template":"template-home-search-map.php","meta":{"_monsterinsights_skip_tracking":false,"_monsterinsights_sitenote_active":false,"_monsterinsights_sitenote_note":"","_monsterinsights_sitenote_category":0,"footnotes":""},"class_list":["post-69","page","type-page","status-publish","hentry"],"_links":{"self":[{"href":"https:\/\/osea.mx\/dmo\/wp-json\/wp\/v2\/pages\/69","targetHints":{"allow":["GET"]}}],"collection":[{"href":"https:\/\/osea.mx\/dmo\/wp-json\/wp\/v2\/pages"}],"about":[{"href":"https:\/\/osea.mx\/dmo\/wp-json\/wp\/v2\/types\/page"}],"author":[{"embeddable":true,"href":"https:\/\/osea.mx\/dmo\/wp-json\/wp\/v2\/users\/1"}],"replies":[{"embeddable":true,"href":"https:\/\/osea.mx\/dmo\/wp-json\/wp\/v2\/comments?post=69"}],"version-history":[{"count":24,"href":"https:\/\/osea.mx\/dmo\/wp-json\/wp\/v2\/pages\/69\/revisions"}],"predecessor-version":[{"id":339,"href":"https:\/\/osea.mx\/dmo\/wp-json\/wp\/v2\/pages\/69\/revisions\/339"}],"wp:attachment":[{"href":"https:\/\/osea.mx\/dmo\/wp-json\/wp\/v2\/media?parent=69"}],"curies":[{"name":"wp","href":"https:\/\/api.w.org\/{rel}","templated":true}]}}